{"id":14,"date":"2014-06-05T16:12:27","date_gmt":"2014-06-05T14:12:27","guid":{"rendered":"http:\/\/www.on-my-wall.pl\/monika_laprus\/?page_id=14"},"modified":"2015-05-20T19:15:21","modified_gmt":"2015-05-20T17:15:21","slug":"o-galerii-i-artyscie","status":"publish","type":"page","link":"https:\/\/www.on-my-wall.pl\/monika_laprus\/o-galerii-i-artyscie\/","title":{"rendered":"O galerii i arty\u015bcie"},"content":{"rendered":"[vc_row][vc_column width=&#8221;1\/4&#8243;][vc_row_inner][vc_column_inner width=&#8221;1\/1&#8243;][image_with_animation image_url=&#8221;121&#8243; animation=&#8221;Fade In&#8221; img_link_target=&#8221;_self&#8221; delay=&#8221;175&#8243;][\/vc_column_inner][\/vc_row_inner][vc_column_text][\/vc_column_text][\/vc_column][vc_column width=&#8221;3\/4&#8243;][vc_column_text]\n<p style=\"color: #000000;\"><span style=\"color: #141823;\">&#8222;Z wykszta\u0142cenia in\u017cynier mechaniki i budowy maszyn, z zawodu grafik i web developer. <\/span><\/p>\n<p style=\"color: #000000;\"><span style=\"color: #141823;\">Zapalona mi\u0142o\u015bniczka gier komputerowych, fantastyki, ta\u0144ca orientalnego i rozbrajania stron internetowych na czynniki pierwsze. <\/span><\/p>\n<p style=\"color: #000000;\"><span style=\"color: #141823;\">Aktualnie ucz\u0119szcza do Warszawskiej Szko\u0142y Reklamy na specjalizacji Studio Grafiki, w kt\u00f3rej to tworzy prac\u0119 dyplomow\u0105 z grafikami inspirowanymi \u201eMroczn\u0105 Wie\u017c\u0105\u201d Stephena King\u2019a. \u0141atwo si\u0119 nakr\u0119ca na nowe pasje.&#8221;<\/span><\/p>\n[\/vc_column_text][\/vc_column][\/vc_row]\n","protected":false},"excerpt":{"rendered":"<p>[vc_row][vc_column width=&#8221;1\/4&#8243;][vc_row_inner][vc_column_inner width=&#8221;1\/1&#8243;][image_with_animation image_url=&#8221;121&#8243; animation=&#8221;Fade In&#8221; img_link_target=&#8221;_self&#8221; delay=&#8221;175&#8243;][\/vc_column_inner][\/vc_row_inner][vc_column_text][\/vc_column_text][\/vc_column][vc_column width=&#8221;3\/4&#8243;][vc_column_text] &#8222;Z wykszta\u0142cenia in\u017cynier mechaniki i budowy maszyn, z zawodu grafik i web developer. Zapalona mi\u0142o\u015bniczka gier komputerowych, fantastyki, ta\u0144ca orientalnego i&#8230;<\/p>\n","protected":false},"author":4,"featured_media":0,"parent":0,"menu_order":0,"comment_status":"open","ping_status":"open","template":"","meta":{"footnotes":""},"class_list":["post-14","page","type-page","status-publish"],"aioseo_notices":[],"publishpress_future_action":{"enabled":false,"date":"2026-05-08 09:31:44","action":"change-status","newStatus":"draft","terms":[],"taxonomy":""},"publishpress_future_workflow_manual_trigger":{"enabledWorkflows":[]},"_links":{"self":[{"href":"https:\/\/www.on-my-wall.pl\/monika_laprus\/wp-json\/wp\/v2\/pages\/14","targetHints":{"allow":["GET"]}}],"collection":[{"href":"https:\/\/www.on-my-wall.pl\/monika_laprus\/wp-json\/wp\/v2\/pages"}],"about":[{"href":"https:\/\/www.on-my-wall.pl\/monika_laprus\/wp-json\/wp\/v2\/types\/page"}],"author":[{"embeddable":true,"href":"https:\/\/www.on-my-wall.pl\/monika_laprus\/wp-json\/wp\/v2\/users\/4"}],"replies":[{"embeddable":true,"href":"https:\/\/www.on-my-wall.pl\/monika_laprus\/wp-json\/wp\/v2\/comments?post=14"}],"version-history":[{"count":2,"href":"https:\/\/www.on-my-wall.pl\/monika_laprus\/wp-json\/wp\/v2\/pages\/14\/revisions"}],"predecessor-version":[{"id":124,"href":"https:\/\/www.on-my-wall.pl\/monika_laprus\/wp-json\/wp\/v2\/pages\/14\/revisions\/124"}],"wp:attachment":[{"href":"https:\/\/www.on-my-wall.pl\/monika_laprus\/wp-json\/wp\/v2\/media?parent=14"}],"curies":[{"name":"wp","href":"https:\/\/api.w.org\/{rel}","templated":true}]}}