{"id":23,"date":"2014-06-05T16:40:35","date_gmt":"2014-06-05T14:40:35","guid":{"rendered":"http:\/\/www.on-my-wall.pl\/ewa_karpinska\/?page_id=23"},"modified":"2014-10-29T15:46:24","modified_gmt":"2014-10-29T14:46:24","slug":"cookies","status":"publish","type":"page","link":"https:\/\/www.on-my-wall.pl\/ewa_karpinska\/cookies\/","title":{"rendered":"Cookies"},"content":{"rendered":"<p><span style=\"font-style: inherit;\">Polityka Cookies<\/span><\/p>\n<p><strong>Galeria\u00a0<\/strong>\u2013 Serwis www\u00a0 Ewa Karpi\u0144ska i sklep internetowy dzia\u0142aj\u0105cy pod adresem\u00a0www.on-my-wall.pl\/ewa_karpinska\/ sprzedaj\u0105cy Produkty znajduj\u0105ce si\u0119 w jego ofercie za po\u015brednictwem Internetu.<br \/>\n1. <strong>Galeria\u00a0<\/strong>nie zbiera w spos\u00f3b automatyczny \u017cadnych informacji, z wyj\u0105tkiem informacji zawartych w plikach cookies.<\/p>\n<p>2. Pliki cookies (tzw. \u201eciasteczka\u201d) stanowi\u0105 dane informatyczne, w szczeg\u00f3lno\u015bci pliki tekstowe, kt\u00f3re przechowywane s\u0105 w urz\u0105dzeniu ko\u0144cowym u\u017cytkownika\u00a0i przeznaczone s\u0105 do korzystania ze stron internetowych <strong>Galerii<\/strong>. Cookies <strong>Galerii<\/strong>\u00a0zawieraj\u0105 nazw\u0119 strony internetowej i unikalny numer.<\/p>\n<p>3. Podmiotem zamieszczaj\u0105cym na urz\u0105dzeniu ko\u0144cowym u\u017cytkownika <strong>Galerii<\/strong>\u00a0pliki cookies oraz uzyskuj\u0105cym do nich dost\u0119p jest operator sklepu: PRYZMAT Katarzyna i Wojciech Puza Sp.j. z siedzib\u0105 w Warszawie pod adresem Jana Ostroroga 18c.<\/p>\n<p>4. Pliki cookies <strong>Galerii<\/strong>\u00a0wykorzystywane s\u0105 wy\u0142\u0105cznie w celu utrzymania sesji u\u017cytkownika <strong>Galerii<\/strong>\u00a0(przed i po zalogowaniu).<br \/>\nCiasteczka On My Wall nie zawieraj\u0105 \u017cadnych danych osobowych<\/p>\n<p>5. W ramach <strong>Galerii<\/strong>\u00a0stosowane s\u0105 dwa zasadnicze rodzaje plik\u00f3w cookies: \u201esesyjne\u201d\u00a0 (session cookies) oraz \u201esta\u0142e\u201d (persistent cookies). Cookies \u201esesyjne\u201d s\u0105 plikami tymczasowymi, kt\u00f3re przechowywane s\u0105 w urz\u0105dzeniu ko\u0144cowym U\u017cytkownika do czasu wylogowania, opuszczenia strony internetowej lub wy\u0142\u0105czenia oprogramowania (przegl\u0105darki internetowej). \u201eSta\u0142e\u201d pliki cookies przechowywane s\u0105 w urz\u0105dzeniu ko\u0144cowym U\u017cytkownika przez czas okre\u015blony w parametrach plik\u00f3w cookies lub do czasu ich usuni\u0119cia przez U\u017cytkownika.<\/p>\n<p>6. W ramach <strong>Galerii<\/strong>\u00a0stosowane s\u0105 nast\u0119puj\u0105ce rodzaje plik\u00f3w cookies:<br \/>\na)\u00a0\u00a0\u00a0 \u201eniezb\u0119dne\u201d pliki cookies, umo\u017cliwiaj\u0105ce korzystanie z us\u0142ug dost\u0119pnych w ramach <strong>Galerii<\/strong>, np. uwierzytelniaj\u0105ce pliki cookies wykorzystywane do us\u0142ug wymagaj\u0105cych uwierzytelniania w ramach Sklepu;<br \/>\nb)\u00a0\u00a0\u00a0 pliki cookies s\u0142u\u017c\u0105ce do zapewnienia bezpiecze\u0144stwa, np. wykorzystywane do wykrywania nadu\u017cy\u0107 w zakresie uwierzytelniania w ramach <strong>Galerii<\/strong>;<br \/>\nc)\u00a0\u00a0\u00a0 \u201efunkcjonalne\u201d pliki cookies, umo\u017cliwiaj\u0105ce \u201ezapami\u0119tanie\u201d wybranych przez U\u017cytkownika ustawie\u0144;<\/p>\n<p>7. W wielu przypadkach oprogramowanie s\u0142u\u017c\u0105ce do przegl\u0105dania stron internetowych (przegl\u0105darka internetowa) domy\u015blnie dopuszcza przechowywanie plik\u00f3w cookies w urz\u0105dzeniu ko\u0144cowym U\u017cytkownika. U\u017cytkownicy <strong>Galerii<\/strong>\u00a0mog\u0105 dokona\u0107 w ka\u017cdym czasie zmiany ustawie\u0144 dotycz\u0105cych plik\u00f3w cookies. Ustawienia te mog\u0105 zosta\u0107 zmienione w szczeg\u00f3lno\u015bci w taki spos\u00f3b, aby blokowa\u0107 automatyczn\u0105 obs\u0142ug\u0119 plik\u00f3w cookies w ustawieniach przegl\u0105darki internetowej b\u0105d\u017a informowa\u0107 o ich ka\u017cdorazowym zamieszczeniu w urz\u0105dzeniu U\u017cytkownika Sklepu. Szczeg\u00f3\u0142owe informacje o mo\u017cliwo\u015bci i sposobach obs\u0142ugi plik\u00f3w cookies dost\u0119pne s\u0105 w ustawieniach oprogramowania (przegl\u0105darki internetowej).<\/p>\n<p>8. Operator <strong>Galerii<\/strong>\u00a0informuje, \u017ce ograniczenia stosowania plik\u00f3w cookies mog\u0105 wp\u0142yn\u0105\u0107 na niekt\u00f3re funkcjonalno\u015bci dost\u0119pne na stronach internetowych <strong>Galerii<\/strong>.<\/p>\n<p>9. Wi\u0119cej informacji na temat plik\u00f3w cookies dost\u0119pnych jest pod adresem\u00a0<a style=\"font-weight: inherit; font-style: inherit; color: #ff521e;\" title=\"Wszystko o Ciasteczkach\" href=\"http:\/\/wszystkoociasteczkach.pl\/\" target=\"_blank\">http:\/\/wszystkoociasteczkach.pl\/<\/a><\/p>\n","protected":false},"excerpt":{"rendered":"<p>Polityka Cookies Galeria\u00a0\u2013 Serwis www\u00a0 Ewa Karpi\u0144ska i sklep internetowy dzia\u0142aj\u0105cy pod adresem\u00a0www.on-my-wall.pl\/ewa_karpinska\/ sprzedaj\u0105cy Produkty znajduj\u0105ce si\u0119 w jego ofercie za po\u015brednictwem Internetu. 1. Galeria\u00a0nie zbiera w spos\u00f3b automatyczny \u017cadnych&#8230;<\/p>\n","protected":false},"author":4,"featured_media":0,"parent":0,"menu_order":0,"comment_status":"open","ping_status":"open","template":"","meta":{"footnotes":""},"class_list":["post-23","page","type-page","status-publish"],"aioseo_notices":[],"publishpress_future_action":{"enabled":false,"date":"2026-04-12 17:06:16","action":"change-status","newStatus":"draft","terms":[],"taxonomy":""},"publishpress_future_workflow_manual_trigger":{"enabledWorkflows":[]},"_links":{"self":[{"href":"https:\/\/www.on-my-wall.pl\/ewa_karpinska\/wp-json\/wp\/v2\/pages\/23","targetHints":{"allow":["GET"]}}],"collection":[{"href":"https:\/\/www.on-my-wall.pl\/ewa_karpinska\/wp-json\/wp\/v2\/pages"}],"about":[{"href":"https:\/\/www.on-my-wall.pl\/ewa_karpinska\/wp-json\/wp\/v2\/types\/page"}],"author":[{"embeddable":true,"href":"https:\/\/www.on-my-wall.pl\/ewa_karpinska\/wp-json\/wp\/v2\/users\/4"}],"replies":[{"embeddable":true,"href":"https:\/\/www.on-my-wall.pl\/ewa_karpinska\/wp-json\/wp\/v2\/comments?post=23"}],"version-history":[{"count":2,"href":"https:\/\/www.on-my-wall.pl\/ewa_karpinska\/wp-json\/wp\/v2\/pages\/23\/revisions"}],"predecessor-version":[{"id":211,"href":"https:\/\/www.on-my-wall.pl\/ewa_karpinska\/wp-json\/wp\/v2\/pages\/23\/revisions\/211"}],"wp:attachment":[{"href":"https:\/\/www.on-my-wall.pl\/ewa_karpinska\/wp-json\/wp\/v2\/media?parent=23"}],"curies":[{"name":"wp","href":"https:\/\/api.w.org\/{rel}","templated":true}]}}