{"id":19,"date":"2014-06-05T16:20:05","date_gmt":"2014-06-05T14:20:05","guid":{"rendered":"http:\/\/www.on-my-wall.pl\/ewa_karpinska\/?page_id=19"},"modified":"2014-10-29T15:44:30","modified_gmt":"2014-10-29T14:44:30","slug":"regulamin","status":"publish","type":"page","link":"https:\/\/www.on-my-wall.pl\/ewa_karpinska\/regulamin\/","title":{"rendered":"Regulamin"},"content":{"rendered":"<h2>UWAGA! SKLEP jeszcze nie przyjmuje zam\u00f3wie\u0144!<\/h2>\n<p>&nbsp;<\/p>\n<p><strong>REGULAMIN \u00a0Sklepu On-My-Wall\/ewa_karpinska\/<\/strong><\/p>\n<p>I. Postanowienia og\u00f3lne<br \/>\nII. Definicje<br \/>\nIII. Rodzaj i zakres us\u0142ug elektronicznych<br \/>\nIV. Warunki \u015bwiadczenia i zawierania um\u00f3w o \u015bwiadczenie us\u0142ug elektronicznych<br \/>\nV. Warunki rozwi\u0105zania um\u00f3w o \u015bwiadczenie us\u0142ug elektronicznych<br \/>\nVI. Warunki zawierania um\u00f3w sprzeda\u017cy<br \/>\nVII. Sposoby p\u0142atno\u015bci<br \/>\nVIII. Koszt, termin i sposoby dostawy. Przechowywanie prac<br \/>\nIX. Tryb post\u0119powania reklamacyjnego<br \/>\nX. Prawo odst\u0105pienia od umowy<br \/>\nXI. W\u0142asno\u015b\u0107 intelektualna<br \/>\nXII. Odpowiedzialno\u015b\u0107 sklepu oraz obowi\u0105zki us\u0142ugodawcy<br \/>\nXIII. Postanowienia ko\u0144cowe<\/p>\n<p><strong>I. POSTANOWIENIA OG\u00d3LNE<\/strong><\/p>\n<p>1. Sklep internetowy dzia\u0142aj\u0105cy pod adresem http:\/\/www.on-my-wall.pl\/ewa_karpinska\/ prowadzony jest przez PRYZMAT Katarzyna i Wojciech Puza Sp\u00f3\u0142ka jawna z siedzib\u0105 w Warszawie, ul. Jana Ostroroga 18c, Warszawa 01-163, NIP: 8481000123, REGON: 016090427.<br \/>\n2. Sklep prowadzi sprzeda\u017c Produkt\u00f3w za po\u015brednictwem sieci Internet.<br \/>\n3. Sklep internetowy www.on-my-wall.pl\/ewa_karpinska\/ dzia\u0142a na zasadach okre\u015blonych w niniejszym Regulaminie.<br \/>\n4. Regulamin okre\u015bla rodzaje i zakres us\u0142ug \u015bwiadczonych drog\u0105 elektroniczn\u0105 przez Sklep internetowy www.on-my-wall.pl\/ewa_karpinska\/, zasady \u015bwiadczenia tych us\u0142ug, warunki zawierania i rozwi\u0105zywania Um\u00f3w Sprzeda\u017cy Produktu, a tak\u017ce tryb post\u0119powania reklamacyjnego.<br \/>\n5. Ka\u017cdy Us\u0142ugobiorca z chwil\u0105 podj\u0119cia czynno\u015bci zmierzaj\u0105cych do korzystania z Us\u0142ug Elektronicznych Sklepu internetowego www.on-my-wall.pl\/ewa_karpinska\/, zobowi\u0105zany jest do przestrzegania postanowie\u0144 niniejszego Regulaminu.<br \/>\n6. Warunkiem z\u0142o\u017cenia Zam\u00f3wienia w Sklepie internetowym przez Klienta jest zapoznanie si\u0119 z Regulaminem i akceptacja jego postanowie\u0144 w czasie sk\u0142adania Zam\u00f3wienia.<br \/>\n7. Zawarta pomi\u0119dzy Stronami umowa o \u015bwiadczenie us\u0142ug zostanie potwierdzona faktur\u0105 VAT dostarczon\u0105 w formie elektronicznej zgodnie z wymaganiami okre\u015blonymi w rozporz\u0105dzeniu Ministra Finans\u00f3w z dnia 20 grudnia 2012 r. w sprawie przesy\u0142ania faktur w formie elektronicznej, zasad ich przechowywania oraz trybu udost\u0119pniania organowi podatkowemu lub organowi kontroli skarbowej (DzU z 2010 r. nr 249, poz. 1661).[G1]\n8. W sprawach nieuregulowanych w niniejszym Regulaminie maj\u0105 zastosowanie przepisy: Kodeksu cywilnego; Ustawy o \u015bwiadczeniu us\u0142ug drog\u0105 elektroniczn\u0105 z dnia 18 lipca 2002 r. (Dz. U. Nr 144, poz. 1204 ze zm.); Ustawy o ochronie niekt\u00f3rych praw konsument\u00f3w oraz o odpowiedzialno\u015bci za szkod\u0119 wyrz\u0105dzon\u0105 przez produkt niebezpieczny z dnia 2 marca 2000 r. (Dz. U. Nr 22, poz. 271 ze zm.); Ustawy o szczeg\u00f3lnych warunkach sprzeda\u017cy konsumenckiej oraz o zmianie Kodeksu cywilnego z dnia 27 lipca 2002 r. (Dz. U. Nr 141, poz. 1176 ze zm.) oraz inne w\u0142a\u015bciwe przepisy prawa polskiego.<\/p>\n<p><strong>II. DEFINICJE<\/strong><br \/>\n1. REGULAMIN \u2013 niniejszy regulamin.<br \/>\n2. SKLEP\u00a0&#8211; sklep internetowy Us\u0142ugodawcy dzia\u0142aj\u0105cy pod adresem www.on-my-wall.pl\/ewa_karpinska\/<br \/>\n3. DZIE\u0143 ROBOCZY\u00a0&#8211; jeden dzie\u0144 od poniedzia\u0142ku do pi\u0105tku z wy\u0142\u0105czeniem dni ustawowo wolnych od pracy.<br \/>\n4. FORMULARZ REJESTRACJI \u2013 formularz dost\u0119pny na stronie internetowej www.on-my-wall.pl\/ewa_karpinska\/umo\u017cliwiaj\u0105cy utworzenie Konta.<br \/>\n5. FORMULARZ ZAM\u00d3WIENIA \u2013 formularz dost\u0119pny na stronie internetowej www.on-my-wall.pl\/ewa_karpinska\/ umo\u017cliwiaj\u0105cy z\u0142o\u017cenie Zam\u00f3wienia.<br \/>\n6. KLIENT\u00a0 (KUPUJ\u0104CY) \u2013 Us\u0142ugobiorca, kt\u00f3ry zamierza zawrze\u0107 lub zawar\u0142 Umow\u0119 Sprzeda\u017cy ze Sprzedawc\u0105.<br \/>\n7. KONTO \u2013 oznaczony indywidualn\u0105 nazw\u0105 (loginem) oraz has\u0142em, zbi\u00f3r zasob\u00f3w w systemie teleinformatycznym Us\u0142ugodawcy, w kt\u00f3rym gromadzone s\u0105 dane Us\u0142ugobiorcy w tym informacje o z\u0142o\u017conych Zam\u00f3wieniach.<br \/>\n8. KONSUMENT\u00a0&#8211; osoba fizyczna dokonuj\u0105ca czynno\u015bci prawnej niezwi\u0105zanej bezpo\u015brednio z jej dzia\u0142alno\u015bci\u0105 gospodarcz\u0105 lub zawodow\u0105;<br \/>\n9. SPRZEDAWCA, US\u0141UGODAWCA \u2013 PRYZMAT Katarzyna i Wojciech Puza Sp\u00f3\u0142ka jawna z siedzib\u0105 w Warszawie, ul. Jana Ostroroga 18c, Warszawa 01-163, NIP: 8481000123, REGON: 016090427.<br \/>\n10. INDYWIDUALNA KALKULACJA\u00a0\u2013 unikalna kalkulacja, zawieraj\u0105ca specyfikacj\u0119 technologiczn\u0105 us\u0142ugi oraz okre\u015blony termin jej wa\u017cno\u015bci, wykonana w odpowiedzi na pytanie o ofert\u0119 z\u0142o\u017cone przez Klienta.<br \/>\n11. AUTOR\u00a0\u2013 osoba fizyczna lub prawna, kt\u00f3ra udost\u0119pni\u0142a Sprzedawcy Dzie\u0142a do sprzeda\u017cy.<br \/>\n12. DZIE\u0141O \u2013 grafika, rysunek, obraz, fotografia lub plik cyfrowy, kt\u00f3re Autor przeznaczy\u0142 do sprzeda\u017cy za po\u015brednictwem Sklepu.<br \/>\n13. PRODUKT \u2013 dost\u0119pna w Sklepie rzecz ruchoma b\u0119d\u0105ca przedmiotem Umowy Sprzeda\u017cy mi\u0119dzy Klientem a Sprzedawc\u0105.<br \/>\n14. UMOWA SPRZEDA\u017bY \u2013 Umowa Sprzeda\u017cy Produktu zawarta mi\u0119dzy Klientem, a Sprzedawc\u0105 za po\u015brednictwem Sklepu.<br \/>\n15. US\u0141UGOBIORCA \u2013 osoba fizyczna, osoba prawna albo jednostka organizacyjna nieposiadaj\u0105ca osobowo\u015bci prawnej, kt\u00f3rej ustawa przyznaje zdolno\u015b\u0107 prawn\u0105 korzystaj\u0105ca z Us\u0142ugi Elektronicznej.<br \/>\n16. US\u0141UGA ELEKTRONICZNA \u2013 us\u0142uga \u015bwiadczona drog\u0105 elektroniczn\u0105 przez Us\u0142ugodawc\u0119 na rzecz Us\u0142ugobiorcy za po\u015brednictwem Sklepu.<br \/>\n17. PRZEDMIOT TRANSAKCJI \u2013 Produkty wymienione i opisane na stronie internetowej Sklepu.<br \/>\n18. ZAM\u00d3WIENIE \u2013 o\u015bwiadczenie woli Klienta okre\u015blaj\u0105ce jednoznacznie rodzaj i ilo\u015b\u0107 Produkt\u00f3w, zmierzaj\u0105ce bezpo\u015brednio do zawarcia Umowy Sprzeda\u017cy na odleg\u0142o\u015b\u0107 za po\u015brednictwem Sklepu.<\/p>\n<p><strong>III. RODZAJ I ZAKRES US\u0141UG ELEKTRONICZNYCH<\/strong><br \/>\n1. Us\u0142ugodawca umo\u017cliwia za po\u015brednictwem Sklepu korzystanie z Us\u0142ug Elektronicznych takich jak:<br \/>\na) zawieranie Um\u00f3w Sprzeda\u017cy za po\u015brednictwem Formularza Zam\u00f3wienia,<br \/>\nb) prowadzenie Konta w Sklepie.<br \/>\n2. \u015awiadczenie Us\u0142ug Elektronicznych na rzecz Us\u0142ugobiorc\u00f3w w Sklepie odbywa si\u0119 na warunkach okre\u015blonych w Regulaminie.<br \/>\n3. Us\u0142ugodawca ma prawo zamieszcza\u0107 na stronie internetowej Sklepu tre\u015bci reklamowe. Tre\u015bci reklamowe, o kt\u00f3rych mowa w zdaniu poprzednim, stanowi\u0105 integraln\u0105 cz\u0119\u015b\u0107 Sklepu i prezentowanych w nim materia\u0142\u00f3w.<\/p>\n<p><strong>IV. WARUNKI \u015aWIADCZENIA I ZAWIERANIA UM\u00d3W O \u015aWIADCZENIE US\u0141UG ELEKTRONICZNYCH<\/strong><br \/>\n1. \u015awiadczenie Us\u0142ug Elektronicznych okre\u015blonych w rozdziale III ust. 1 Regulaminu przez Us\u0142ugodawc\u0119 jest nieodp\u0142atne.<br \/>\n2. Okres na jaki umowa zostaje zawarta:<br \/>\na) Umowa o \u015bwiadczenie Us\u0142ugi Elektronicznej polegaj\u0105cej na umo\u017cliwieniu z\u0142o\u017cenia Zam\u00f3wienia w Sklepie poprzez wype\u0142nienie Formularza Zam\u00f3wienia zawierana jest na czas oznaczony i ulega rozwi\u0105zaniu z chwil\u0105 z\u0142o\u017cenia Zam\u00f3wienia albo zaprzestania jego sk\u0142adania przez Us\u0142ugobiorc\u0119.<br \/>\nb) Umowa o \u015bwiadczenie Us\u0142ugi Elektronicznej polegaj\u0105cej na prowadzeniu Konta w Sklepie zawierana jest na czas nieoznaczony.<br \/>\n3. Wymagania techniczne niezb\u0119dne do wsp\u00f3\u0142pracy z systemem teleinformatycznym, kt\u00f3rym pos\u0142uguje si\u0119 Us\u0142ugodawca:<br \/>\na) Komputer z dost\u0119pem do Internetu.<br \/>\nb) Dost\u0119p do poczty elektronicznej.<br \/>\nc) Przegl\u0105darka internetowa.<br \/>\nd) W\u0142\u0105czenie w przegl\u0105darce internetowej Cookies oraz Javascript.<br \/>\n4. Us\u0142ugobiorca zobowi\u0105zany jest do korzystania ze Sklepu w spos\u00f3b zgodny z prawem i dobrymi obyczajami, maj\u0105c na uwadze poszanowanie d\u00f3br osobistych i praw w\u0142asno\u015bci intelektualnej os\u00f3b trzecich.<br \/>\n5. Us\u0142ugobiorca zobowi\u0105zany jest do wprowadzania danych zgodnych ze stanem faktycznym.<br \/>\n6. Us\u0142ugobiorc\u0119 obowi\u0105zuje zakaz dostarczania tre\u015bci o charakterze bezprawnym.<\/p>\n<p><strong>V. WARUNKI ROZWI\u0104ZANIA UM\u00d3W O \u015aWIADCZENIE US\u0141UG ELEKTRONICZNYCH<\/strong><br \/>\n1. Wypowiedzenie umowy o \u015bwiadczenie Us\u0142ugi Elektronicznej.<br \/>\na) Wypowiedzeniu mo\u017ce ulec umowa o \u015bwiadczenie Us\u0142ugi Elektronicznej o charakterze ci\u0105g\u0142ym i bezterminowym (np. prowadzenie Konta w Sklepie).<br \/>\nb) Us\u0142ugobiorca mo\u017ce wypowiedzie\u0107 umow\u0119 ze skutkiem natychmiastowym i bez wskazywania przyczyn przesy\u0142aj\u0105c stosowne o\u015bwiadczenie za po\u015brednictwem poczty elektronicznej na adres: kontakt@on-my-wall.pl<br \/>\nc) Wypowiedzenie prowadzi do ustania stosunku prawnego ze skutkiem na przysz\u0142o\u015b\u0107.<br \/>\n2. Us\u0142ugodawca i Us\u0142ugobiorca mog\u0105 rozwi\u0105za\u0107 umow\u0119 o \u015bwiadczenie Us\u0142ugi Elektronicznej w ka\u017cdym czasie w drodze porozumienia stron.<\/p>\n<p><strong>VI . WARUNKI ZAWIERANIA UM\u00d3W SPRZEDA\u017bY<\/strong><br \/>\n1. Informacje znajduj\u0105ce si\u0119 na stronach internetowych Sklepu oraz Indywidualnych Kalkulacjach, kt\u00f3re otrzymuj\u0105 Klienci w odpowiedzi na zadane pytanie o Indywidualn\u0105 Kalkulacj\u0119, nie stanowi\u0105 oferty w rozumieniu przepis\u00f3w prawa. Klient sk\u0142adaj\u0105c Zam\u00f3wienie, sk\u0142ada ofert\u0119 kupna okre\u015blonego Produktu na warunkach podanych w jego opisie.<br \/>\n2. Warunkiem zrealizowania Zam\u00f3wienia jest dost\u0119pno\u015b\u0107 Produktu w magazynie w\u0142asnym lub u jednego z dostawc\u00f3w Sklepu. W przypadku niedost\u0119pno\u015bci cz\u0119\u015bci lub wszystkich Produkt\u00f3w sk\u0142adaj\u0105cych si\u0119 na Zam\u00f3wienie, Klient jest informowany o tym drog\u0105 mailow\u0105 lub telefonicznie i proszony o decyzj\u0119 w sprawie dalszej realizacji (anulowanie Zam\u00f3wienia, zrealizowanie bez brakuj\u0105cych Produkt\u00f3w, d\u0142u\u017csze oczekiwanie na realizacj\u0119, wyb\u00f3r innego Produktu na miejsce brakuj\u0105cego).<br \/>\n3. Cena Produktu uwidoczniona na stronie internetowej Sklepu podana jest w z\u0142otych polskich (PLN) i zawiera podatek VAT, c\u0142a oraz wszelkie inne sk\u0142adniki.[WP2]\n4. Cena Produktu uwidoczniona na stronie internetowej Sklepu jest wi\u0105\u017c\u0105ca w chwili z\u0142o\u017cenia przez Klienta Zam\u00f3wienia. Cena ta nie ulegnie zmianie niezale\u017cnie od zmian cen w Sklepie, kt\u00f3re mog\u0105 si\u0119 pojawi\u0107 w odniesieniu do poszczeg\u00f3lnych Produkt\u00f3w po z\u0142o\u017ceniu przez Klienta Zam\u00f3wienia.<br \/>\n5. Przy Zam\u00f3wieniach o warto\u015bci przekraczaj\u0105cej kwot\u0119 100,00 z\u0142 Klient, kt\u00f3ry dokona\u0142 wyboru osobistej formy p\u0142atno\u015bci lub p\u0142atno\u015bci za tzw. pobraniem[WP3] zobowi\u0105zany jest do zap\u0142aty zaliczki w kwocie odpowiadaj\u0105cej 40% warto\u015bci Zam\u00f3wienia na rachunek bankowy Sklepu podany w Formularzu Zam\u00f3wienia.<br \/>\n6. W celu z\u0142o\u017cenia Zam\u00f3wienia, Klient nie ma obowi\u0105zku rejestracji Konta w Sklepie.<br \/>\n7. Zam\u00f3wienia mo\u017cna sk\u0142ada\u0107 poprzez stron\u0119 internetow\u0105 za pomoc\u0105 Formularza Zam\u00f3wienia 24 godziny na dob\u0119 przez ca\u0142y rok.<br \/>\n8. Zawarcie Umowy Sprzeda\u017cy.<br \/>\na) Do zawarcia Umowy Sprzeda\u017cy, niezb\u0119dne jest wcze\u015bniejsze z\u0142o\u017cenie przez Klienta, Zam\u00f3wienia.<br \/>\nb) Po z\u0142o\u017ceniu Zam\u00f3wienia Sprzedawca, niezw\u0142ocznie potwierdza jego otrzymanie, co powoduje zwi\u0105zanie Klienta jego Zam\u00f3wieniem oraz jednocze\u015bnie przyjmuje Zam\u00f3wienie do realizacji. Potwierdzenie otrzymania Zam\u00f3wienia nast\u0119puje poprzez przes\u0142anie wiadomo\u015bci e-mail, kt\u00f3ra zawiera:<br \/>\n&gt; o\u015bwiadczenie Sprzedawcy o otrzymaniu Zam\u00f3wienia,<br \/>\n&gt; potwierdzenie wszystkich istotnych element\u00f3w Zam\u00f3wienia,<br \/>\n&gt; o\u015bwiadczenie Sprzedawcy o przyj\u0119ciu Zam\u00f3wienia do realizacji (przyj\u0119cie oferty),<br \/>\n&gt; link do Regulaminu,<br \/>\n&gt; o\u015bwiadczenie o odst\u0105pieniu od umowy zawartej na odleg\u0142o\u015b\u0107,<br \/>\n&gt; unikalny numer identyfikacyjny.<br \/>\nc) Z chwil\u0105 otrzymania przez Klienta wiadomo\u015bci e-mail, o kt\u00f3rej mowa w ust. 8 pkt. b zostaje zawarta Umowa Sprzeda\u017cy mi\u0119dzy Klientem, a Sprzedawc\u0105.<br \/>\n9. Zam\u00f3wienia z\u0142o\u017cone w dni powszednie po godz. 16:00, w soboty, niedziele oraz \u015bwi\u0119ta,\u00a0b\u0119d\u0105 rozpatrywane nast\u0119pnego Dnia Roboczego.<br \/>\n10. Ka\u017cda Umowa Sprzeda\u017cy b\u0119dzie potwierdzana faktur\u0105 VAT, kt\u00f3ra b\u0119dzie przesy\u0142ana drog\u0105 elektroniczn\u0105, zgodnie z rozdzia\u0142em I pkt. 7.<\/p>\n<p><strong>VII. SPOSOBY P\u0141ATNO\u015aCI<\/strong><br \/>\n1. Sprzedawca udost\u0119pnia nast\u0119puj\u0105ce sposoby p\u0142atno\u015bci:<br \/>\na) P\u0142atno\u015b\u0107 przy odbiorze za tzw. pobraniem<br \/>\nb) P\u0142atno\u015b\u0107 przelewem tradycyjnym na rachunek bankowy Sprzedawcy.<br \/>\nWp\u0142aty nale\u017cy dokona\u0107 na rachunek bankowy numer 86249000050000461091010161 prowadzony przez Alior Bank SA dla PRYZMAT Katarzyna i Wojciech Puza Sp\u00f3\u0142ka jawna, ul. Jana Ostroroga 18c, Warszawa 01-163, NIP 8481000123, REGON: 016090427.<br \/>\nW tytule przelewu nale\u017cy wpisa\u0107 &#8222;Zam\u00f3wienie nr&#8230;&#8230;..&#8221;<br \/>\nc) P\u0142atno\u015b\u0107 przy odbiorze osobistym (got\u00f3wk\u0105 lub kart\u0105)<br \/>\nd) P\u0142atno\u015b\u0107 za po\u015brednictwem serwisu p\u0142atno\u015bci elektronicznej za pomoc\u0105 karty kredytowej lub szybkiego przelewu z wybranych polskich bank\u00f3w.<br \/>\n2. Klient zobowi\u0105zany jest do dokonania zap\u0142aty ceny z tytu\u0142u Umowy Sprzeda\u017cy w terminie 7 dni od dnia jej zawarcia, chyba \u017ce Umowa Sprzeda\u017cy stanowi inaczej.<br \/>\n3. W przypadku p\u0142atno\u015bci przelewem na rachunek bankowy, Produkt wysy\u0142any jest po zaksi\u0119gowaniu wp\u0142aty na rachunku bankowym Sprzedawcy.<br \/>\n4. W przypadku p\u0142atno\u015bci za po\u015brednictwem serwisu p\u0142atno\u015bci elektronicznej\u00a0Klient dokonuje zap\u0142aty przed rozpocz\u0119ciem realizacji zam\u00f3wienia. Serwis p\u0142atno\u015bci elektronicznej umo\u017cliwia dokonanie p\u0142atno\u015bci za pomoc\u0105 karty kredytowej lub szybkiego przelewu z wybranych polskich bank\u00f3w. Produkt zostanie wys\u0142any dopiero po jego op\u0142aceniu.<br \/>\n5. W przypadku p\u0142atno\u015bci przy odbiorze przesy\u0142ka wysy\u0142ana jest po weryfikacji poprawno\u015bci danych adresowych.<\/p>\n<p><strong>VIII. KOSZT, TERMIN I SPOSOBY DOSTAWY. PRZECHOWANIE PRAC<\/strong><br \/>\n1. Koszty dostawy Produktu ponosi Sprzedawca[WP4].<br \/>\n2. Zakupione w Sklepie Produkty s\u0105 wysy\u0142ane za po\u015brednictwem poczty polskiej lub firmy kurierskiej.<br \/>\n3. Klient mo\u017ce osobi\u015bcie odebra\u0107 Produkt w punkcie odbioru Sklepu pod adresem: ul. Jana Ostroroga 18c, Warszawa 01-163 od godz. 8:30 do godz. 19:30. Warunkiem odbioru Zam\u00f3wienia w punkcie odbioru jest podanie numeru Zam\u00f3wienia.<br \/>\n4. Na termin dostawy Produktu, sk\u0142ada si\u0119 czas kompletowania Produktu oraz czas dostawy Produktu przez przewo\u017anika:<br \/>\na) Czas kompletowania Produktu, wynosi od 1 do 2 Dni Roboczych.<br \/>\nb) W przypadku niekt\u00f3rych Produkt\u00f3w czas kompletowania mo\u017ce by\u0107 d\u0142u\u017cszy.<br \/>\nInformacja o d\u0142u\u017cszym czasie kompletowania jest umieszczona przy opisie Produktu.<br \/>\nc) Dostawa Produktu przez przewo\u017anika nast\u0119puje w ci\u0105gu deklarowanego przez przewo\u017anika od 1 do 2 Dni Roboczych.<br \/>\n5. Klient zobowi\u0105zany jest do odbioru Zam\u00f3wienia w terminie 2 miesi\u0119cy od daty jego realizacji. Po up\u0142ywie tego terminu Sklep\u00a0nie ma obowi\u0105zku przechowywania zam\u00f3wionych Produkt\u00f3w.<\/p>\n<p><strong>IX. TRYB POST\u0118POWANIA REKLAMACYJNEGO<\/strong><br \/>\n1. Reklamacje z tytu\u0142u niezgodno\u015bci Produktu z Umow\u0105 Sprzeda\u017cy:<br \/>\na) Podstawy i zakres odpowiedzialno\u015bci Sprzedawcy wobec Klienta b\u0119d\u0105cego Konsumentem, z tytu\u0142u niezgodno\u015bci Produktu z Umow\u0105 Sprzeda\u017cy, s\u0105 okre\u015blone w szczeg\u00f3lno\u015bci ustaw\u0105 o szczeg\u00f3lnych warunkach sprzeda\u017cy konsumenckiej oraz o zmianie Kodeksu cywilnego z dnia 27 lipca 2002 r. (Dz. U. Nr 141, poz. 1176 ze zm.).<br \/>\nb) Zawiadomienia o niezgodno\u015bci Produktu z Umow\u0105 Sprzeda\u017cy oraz zg\u0142oszenie odpowiedniego \u017c\u0105dania mo\u017cna sk\u0142ada\u0107 za po\u015brednictwem poczty elektronicznej na adres kontakt@on-my-wall.pl lub pisemnie na adres ul. Jana Ostroroga 18c, Warszawa 01-163<br \/>\nc) Gdy jest to niezb\u0119dne dla oceny niezgodno\u015bci Produktu z umow\u0105, nale\u017cy go dostarczy\u0107 na adres: ul. Jana Ostroroga 18c, Warszawa 01-163<br \/>\nd) Sprzedawca ustosunkuje si\u0119 do \u017c\u0105dania Klienta niezw\u0142ocznie, nie p\u00f3\u017aniej ni\u017c w terminie 14 dni. Odpowied\u017a w sprawie reklamacji jest wysy\u0142ana na podany przez Klienta adres e-mail lub w inny podany przez Klienta spos\u00f3b.<br \/>\n2. Reklamacje zwi\u0105zane ze \u015bwiadczeniem Us\u0142ugi Elektronicznej przez Us\u0142ugodawc\u0119:<br \/>\na) Reklamacje zwi\u0105zane ze \u015bwiadczeniem Us\u0142ug Elektronicznych za po\u015brednictwem Sklepu Us\u0142ugobiorca mo\u017ce sk\u0142ada\u0107 za po\u015brednictwem poczty elektronicznej na adres: kontakt@on-my-wall.pl<br \/>\nb) W powy\u017cszej wiadomo\u015bci e-mail, nale\u017cy poda\u0107 jak najwi\u0119cej informacji i okoliczno\u015bci dotycz\u0105cych przedmiotu reklamacji, w szczeg\u00f3lno\u015bci rodzaj i dat\u0119 wyst\u0105pienia nieprawid\u0142owo\u015bci oraz dane kontaktowe. Podane informacje znacznie u\u0142atwi\u0105 i przyspiesz\u0105 rozpatrzenie reklamacji przez Us\u0142ugodawc\u0119.<br \/>\nc) Rozpatrzenie reklamacji przez Us\u0142ugodawc\u0119 nast\u0119puje niezw\u0142ocznie, nie p\u00f3\u017aniej ni\u017c w terminie 14 dni.<br \/>\nd) Odpowied\u017a Us\u0142ugodawcy w sprawie reklamacji jest wysy\u0142ana na adres e-mail Us\u0142ugobiorcy podany w zg\u0142oszeniu reklamacyjnym lub w inny podany przez Us\u0142ugobiorc\u0119 spos\u00f3b.<\/p>\n<p><strong>X. PRAWO ODST\u0104PIENIA OD UMOWY<\/strong><br \/>\n1. Klient b\u0119d\u0105cy jednocze\u015bnie Konsumentem, kt\u00f3ry zawar\u0142 umow\u0119 na odleg\u0142o\u015b\u0107, mo\u017ce od niej odst\u0105pi\u0107 bez podania przyczyn, sk\u0142adaj\u0105c stosowne o\u015bwiadczenie na pi\u015bmie w terminie 30 dni. Do zachowania tego terminu wystarczy wys\u0142anie o\u015bwiadczenia o odst\u0105pieniu od umowy lub za\u0142\u0105czenie go do paczki ze zwracanym Produktem.<br \/>\n2. W razie odst\u0105pienia od umowy, Umowa Sprzeda\u017cy jest uwa\u017cana za niezawart\u0105, a Konsument jest zwolniony z wszelkich zobowi\u0105za\u0144. To, co strony \u015bwiadczy\u0142y, ulega zwrotowi w stanie niezmienionym, chyba, \u017ce zmiana by\u0142a konieczna w granicach zwyk\u0142ego zarz\u0105du. Zwrot powinien nast\u0105pi\u0107 niezw\u0142ocznie, nie p\u00f3\u017aniej ni\u017c w terminie 14 dni.<br \/>\n3. Zwracany Produkt nale\u017cy dostarczy\u0107 na adres: ul. Jana Ostroroga 18c, Warszawa 01-163<br \/>\n4. Sprzedawca dokona zwrotu, warto\u015bci Produktu [WP5]na wskazany przez Konsumenta numer konta bankowego lub w inny wskazany przez Konsumenta spos\u00f3b.<br \/>\n5. Termin trzydziestodniowy, w kt\u00f3rym Konsument mo\u017ce odst\u0105pi\u0107 od umowy, liczy si\u0119 od dnia wydania Produktu.<\/p>\n<p><strong>XI. W\u0141ASNO\u015a\u0106 INTELEKTUALNA<\/strong><br \/>\n1. U\u017cytkownik z chwil\u0105 zaakceptowania Regulaminu uznaje, \u017ce ca\u0142o\u015b\u0107 praw autorskich i wszystkie znaki towarowe zwi\u0105zane z Sklepem oraz Konta Us\u0142ugobiorc\u00f3w z wy\u0142\u0105czeniem Produkt\u00f3w nale\u017c\u0105 do Us\u0142ugodawcy i podlegaj\u0105 prawnej ochronie, w szczeg\u00f3lno\u015bci przez ustaw\u0119 z dnia 4 lutego 1994 roku o prawie autorskim i prawach pokrewnych (Dz. U. nr 24, poz. 83 z p\u00f3\u017aniejszymi zmianami).<br \/>\n2. Zabronione jest korzystanie z tych praw w\u0142asno\u015bci intelektualnej b\u0105d\u017a z us\u0142ug Sklepu do cel\u00f3w innych ni\u017c te \u015bci\u015ble okre\u015blone Regulaminem. Us\u0142ugobiorca ponosi pe\u0142n\u0105 odpowiedzialno\u015b\u0107 za szkod\u0119 wyrz\u0105dzon\u0105 Us\u0142ugodawcy, b\u0119d\u0105c\u0105 nast\u0119pstwem u\u017cycia firmy lub znak\u00f3w towarowych Sklepu, bez jego zgody lub niezgodnie z Regulaminem.<br \/>\n3. Umieszczenie w Sklepie tre\u015bci, b\u0119d\u0105cych utworem w rozumieniu ustawy z dnia 4 lutego 1994 r. o prawie autorskim i prawach pokrewnych (t. jedn. Dz. U. z 2006 r., nr 90, poz. 631 ze zm.) wi\u0105\u017ce si\u0119 z udzieleniem Us\u0142ugodawcy przez Us\u0142ugobiorc\u0119, nieodp\u0142atnej licencji na korzystanie oraz rozporz\u0105dzanie utworem. Licencja nie doznaje \u017cadnego ograniczenia czasowego oraz terytorialnego, w zwi\u0105zku z tym licencja nie wygasa w przypadku rezygnacji Us\u0142ugobiorcy z korzystania z us\u0142ug Sklepu lub usuni\u0119cia Konta. W zakresie licencji wchodz\u0105 prawa do kopiowania, publikowania, dystrybucji, modyfikacji, przek\u0142adu oraz wykorzystania w inny spos\u00f3b utwor\u00f3w udost\u0119pnionych dobrowolnie przez Us\u0142ugobiorc\u0119 w Sklepie na nast\u0119puj\u0105cych polach eksploatacji: publiczne wystawianie, wy\u015bwietlenie, odtwarzanie oraz nadawanie utworu w spos\u00f3b umo\u017cliwiaj\u0105cy dost\u0119p do niego przez nieograniczony kr\u0105g u\u017cytkownik\u00f3w w miejscu i czasie przez siebie wybranym; w szczeg\u00f3lno\u015bci Us\u0142ugodawca ma prawo m.in. do umieszczania utworu na wszystkich witrynach internetowych Sklepu i prezentowania tych utwor\u00f3w innym Us\u0142ugobiorcom.<\/p>\n<p><strong>XII. ODPOWIEDZIALNO\u015a\u0106 SKLEPU ORAZ OBOWI\u0104ZKI US\u0141UGODAWCY<\/strong><br \/>\n1. Wykonuj\u0105c umow\u0119 zawart\u0105 pomi\u0119dzy Stronami, Us\u0142ugodawca zobowi\u0105zuje si\u0119 wykona\u0107 Us\u0142ug\u0119 Elektroniczn\u0105 z nale\u017cyt\u0105 staranno\u015bci\u0105, ponosz\u0105c odpowiedzialno\u015b\u0107 w przypadku jej niezachowania.<br \/>\n2. Us\u0142ugodawca nie jest odpowiedzialny za jakiekolwiek bezprawne dzia\u0142ania Us\u0142ugobiorcy korzystaj\u0105cego z us\u0142ug Sklepu.<\/p>\n<p><strong>XIII. POSTANOWIENIA KO\u0143COWE<\/strong><br \/>\n1. Umowy zawierane za po\u015brednictwem Sklepu zawierane s\u0105 zgodnie z prawem polskim.<br \/>\n2. Us\u0142ugodawca zastrzega sobie prawo do dokonywania zmian w Regulaminie. Zmiany dokonane w Regulaminie Sklepu wi\u0105\u017c\u0105 Us\u0142ugobiorc\u0119, pod warunkiem i\u017c zosta\u0142 on prawid\u0142owo poinformowany o zmianach i nie wypowiedzia\u0142 umowy o \u015bwiadczenie us\u0142ug drog\u0105 elektroniczn\u0105 w terminie 14 dni od dnia powiadomienia Us\u0142ugobiorcy o zmianach przez Sklep.<br \/>\n3. \u017badne z postanowie\u0144 Regulaminu nie ma na celu naruszenia praw Us\u0142ugobiorcy. W przypadku niezgodno\u015bci jakiejkolwiek cz\u0119\u015bci Regulaminu z obowi\u0105zuj\u0105cym prawem Us\u0142ugodawca deklaruje bezwzgl\u0119dne podporz\u0105dkowanie si\u0119 i stosowanie tego prawa w miejsce zakwestionowanego przepisu Regulaminu.<br \/>\n4. Wszelkie spory wynik\u0142e z Um\u00f3w Sprzeda\u017cy mi\u0119dzy Sklepem, a Konsumentami b\u0119d\u0105 rozstrzygane w pierwszej kolejno\u015bci na drodze negocjacji, z intencj\u0105 polubownego zako\u0144czenia sporu. Je\u015bli jednak nie by\u0142oby to mo\u017cliwe, lub te\u017c by\u0142oby niesatysfakcjonuj\u0105ce dla kt\u00f3rejkolwiek ze stron, spory b\u0119d\u0105 rozstrzygane przez w\u0142a\u015bciwy s\u0105d powszechny.<\/p>\n","protected":false},"excerpt":{"rendered":"<p>UWAGA! SKLEP jeszcze nie przyjmuje zam\u00f3wie\u0144! &nbsp; REGULAMIN \u00a0Sklepu On-My-Wall\/ewa_karpinska\/ I. Postanowienia og\u00f3lne II. Definicje III. Rodzaj i zakres us\u0142ug elektronicznych IV. Warunki \u015bwiadczenia i zawierania um\u00f3w o \u015bwiadczenie us\u0142ug&#8230;<\/p>\n","protected":false},"author":4,"featured_media":0,"parent":0,"menu_order":0,"comment_status":"open","ping_status":"open","template":"","meta":{"footnotes":""},"class_list":["post-19","page","type-page","status-publish"],"aioseo_notices":[],"publishpress_future_action":{"enabled":false,"date":"2026-04-25 00:16:14","action":"change-status","newStatus":"draft","terms":[],"taxonomy":""},"publishpress_future_workflow_manual_trigger":{"enabledWorkflows":[]},"_links":{"self":[{"href":"https:\/\/www.on-my-wall.pl\/ewa_karpinska\/wp-json\/wp\/v2\/pages\/19","targetHints":{"allow":["GET"]}}],"collection":[{"href":"https:\/\/www.on-my-wall.pl\/ewa_karpinska\/wp-json\/wp\/v2\/pages"}],"about":[{"href":"https:\/\/www.on-my-wall.pl\/ewa_karpinska\/wp-json\/wp\/v2\/types\/page"}],"author":[{"embeddable":true,"href":"https:\/\/www.on-my-wall.pl\/ewa_karpinska\/wp-json\/wp\/v2\/users\/4"}],"replies":[{"embeddable":true,"href":"https:\/\/www.on-my-wall.pl\/ewa_karpinska\/wp-json\/wp\/v2\/comments?post=19"}],"version-history":[{"count":2,"href":"https:\/\/www.on-my-wall.pl\/ewa_karpinska\/wp-json\/wp\/v2\/pages\/19\/revisions"}],"predecessor-version":[{"id":209,"href":"https:\/\/www.on-my-wall.pl\/ewa_karpinska\/wp-json\/wp\/v2\/pages\/19\/revisions\/209"}],"wp:attachment":[{"href":"https:\/\/www.on-my-wall.pl\/ewa_karpinska\/wp-json\/wp\/v2\/media?parent=19"}],"curies":[{"name":"wp","href":"https:\/\/api.w.org\/{rel}","templated":true}]}}