{"id":14,"date":"2014-06-05T16:12:27","date_gmt":"2014-06-05T14:12:27","guid":{"rendered":"http:\/\/www.on-my-wall.pl\/ewa_karpinska\/?page_id=14"},"modified":"2015-03-11T14:58:27","modified_gmt":"2015-03-11T13:58:27","slug":"o-galerii-i-artyscie","status":"publish","type":"page","link":"https:\/\/www.on-my-wall.pl\/ewa_karpinska\/o-galerii-i-artyscie\/","title":{"rendered":"O galerii i arty\u015bcie"},"content":{"rendered":"[vc_row][vc_column width=&#8221;1\/4&#8243;][vc_row_inner][vc_column_inner width=&#8221;1\/1&#8243;][image_with_animation image_url=&#8221;199&#8243; animation=&#8221;Fade In&#8221; img_link_target=&#8221;_self&#8221; delay=&#8221;175&#8243;][\/vc_column_inner][\/vc_row_inner][vc_column_text]\n<blockquote><p>Urodzona w Warszawie, gdzie pracuje i mieszka.<\/p><\/blockquote>\n<p>&nbsp;<\/p>\n<blockquote><p>Pracowa\u0142a w najwi\u0119kszych Agencjach Reklamowych\u00a0 jako senior art director.<\/p><\/blockquote>\n<p>&nbsp;<\/p>\n<blockquote>\n<p style=\"color: #000000;\">W wolnych chwilach fotografuje i maluje.<\/p>\n<p style=\"color: #000000;\">\n<\/blockquote>\n[\/vc_column_text][\/vc_column][vc_column width=&#8221;3\/4&#8243;][vc_row_inner][vc_column_inner width=&#8221;1\/1&#8243;][divider line_type=&#8221;No Line&#8221; custom_height=&#8221;130&#8243;][\/vc_column_inner][\/vc_row_inner][vc_column_text]<strong>Ewa Karpi\u0144ska<\/strong><\/p>\n<p>Urodzona w Warszawie, gdzie pracuje i mieszka.<\/p>\n<p>Uko\u0144czy\u0142a Liceum Sztuk Pi\u0119knych w Warszawie specjalizacja &#8211; wystawiennictwo, dyplom z malarstwa u prof. Wies\u0142awa Majchrzaka.<\/p>\n<p>Studiowa\u0142a na<\/p>\n<ul>\n<li>Akademii Sztuk Pi\u0119knych w Moskwie &#8211; Wydzia\u0142 Architektury Wn\u0119trz.<\/li>\n<li>Akademii Sztuk Pi\u0119knych w Warszawie &#8211; Wydzia\u0142 Architektury Wn\u0119trz &#8211; dyplom 1994 w pracowni wystawiennictwa i komunikacji wizualnej u prof Macieja Raduckiego.<\/li>\n<\/ul>\n<p>Na swoim koncie ma nast\u0119puj\u0105ce wystawy:<\/p>\n<ul>\n<li>Wystawa indywidualna: malarstwo, grafika i fotografika w Salonie Art \u00a0ZPAP &#8211; Mazowiecka.<\/li>\n<li>Wystawa zbiorowa Fotografii w Poznaniu w Galerii Miejskiej Arsena\u0142 &#8211; wyr\u00f3\u017anienie w konkursie Bienale Ma\u0142ych Form fotograficznych.<\/li>\n<\/ul>\n<p>Pracowa\u0142a w najwi\u0119kszych Agencjach Reklamowych Grey i DDB Warszawa TBWA &#8211; Tequila Polska jako senior art director.<\/p>\n<p>W wolnych chwilach fotografuje i maluje.[\/vc_column_text][\/vc_column][\/vc_row]\n<p><img decoding=\"async\" style=\"height: 1px;\" src=\"\/wp-content\/uploads\/sites\/15\/2014\/06\/ewa.jpg\" alt=\"Ewa Karpi\u0144ska\" \/><\/p>\n","protected":false},"excerpt":{"rendered":"<p>[vc_row][vc_column width=&#8221;1\/4&#8243;][vc_row_inner][vc_column_inner width=&#8221;1\/1&#8243;][image_with_animation image_url=&#8221;199&#8243; animation=&#8221;Fade In&#8221; img_link_target=&#8221;_self&#8221; delay=&#8221;175&#8243;][\/vc_column_inner][\/vc_row_inner][vc_column_text] Urodzona w Warszawie, gdzie pracuje i mieszka. &nbsp; Pracowa\u0142a w najwi\u0119kszych Agencjach Reklamowych\u00a0 jako senior art director. &nbsp; W wolnych chwilach fotografuje&#8230;<\/p>\n","protected":false},"author":4,"featured_media":0,"parent":0,"menu_order":0,"comment_status":"open","ping_status":"open","template":"","meta":{"footnotes":""},"class_list":["post-14","page","type-page","status-publish"],"aioseo_notices":[],"publishpress_future_action":{"enabled":false,"date":"2026-05-05 11:54:28","action":"change-status","newStatus":"draft","terms":[],"taxonomy":""},"publishpress_future_workflow_manual_trigger":{"enabledWorkflows":[]},"_links":{"self":[{"href":"https:\/\/www.on-my-wall.pl\/ewa_karpinska\/wp-json\/wp\/v2\/pages\/14","targetHints":{"allow":["GET"]}}],"collection":[{"href":"https:\/\/www.on-my-wall.pl\/ewa_karpinska\/wp-json\/wp\/v2\/pages"}],"about":[{"href":"https:\/\/www.on-my-wall.pl\/ewa_karpinska\/wp-json\/wp\/v2\/types\/page"}],"author":[{"embeddable":true,"href":"https:\/\/www.on-my-wall.pl\/ewa_karpinska\/wp-json\/wp\/v2\/users\/4"}],"replies":[{"embeddable":true,"href":"https:\/\/www.on-my-wall.pl\/ewa_karpinska\/wp-json\/wp\/v2\/comments?post=14"}],"version-history":[{"count":2,"href":"https:\/\/www.on-my-wall.pl\/ewa_karpinska\/wp-json\/wp\/v2\/pages\/14\/revisions"}],"predecessor-version":[{"id":223,"href":"https:\/\/www.on-my-wall.pl\/ewa_karpinska\/wp-json\/wp\/v2\/pages\/14\/revisions\/223"}],"wp:attachment":[{"href":"https:\/\/www.on-my-wall.pl\/ewa_karpinska\/wp-json\/wp\/v2\/media?parent=14"}],"curies":[{"name":"wp","href":"https:\/\/api.w.org\/{rel}","templated":true}]}}

O galerii i artyście

[vc_row][vc_column width=&#8221;1/4&#8243;][vc_row_inner][vc_column_inner width=&#8221;1/1&#8243;][image_with_animation image_url=&#8221;199&#8243; animation=&#8221;Fade In&#8221; img_link_target=&#8221;_self&#8221; delay=&#8221;175&#8243;][/vc_column_inner][/vc_row_inner][vc_column_text]
<blockquote><p>Urodzona w Warszawie, gdzie pracuje i mieszka.</p></blockquote>
<p>&nbsp;</p>
<blockquote><p>Pracowała w największych Agencjach Reklamowych  jako senior art director.</p></blockquote>
<p>&nbsp;</p>
<blockquote>
<p style="color: #000000;">W wolnych chwilach fotografuje i maluje.</p>
<p style="color: #000000;">
</blockquote>
[/vc_column_text][/vc_column][vc_column width=&#8221;3/4&#8243;][vc_row_inner][vc_column_inner width=&#8221;1/1&#8243;][divider line_type=&#8221;No Line&#8221; custom_height=&#8221;130&#8243;][/vc_column_inner][/vc_row_inner][vc_column_text]<strong>Ewa Karpińska</strong></p>
<p>Urodzona w Warszawie, gdzie pracuje i mieszka.</p>
<p>Ukończyła Liceum Sztuk Pięknych w Warszawie specjalizacja &#8211; wystawiennictwo, dyplom z malarstwa u prof. Wiesława Majchrzaka.</p>
<p>Studiowała na</p>
<ul>
<li>Akademii Sztuk Pięknych w Moskwie &#8211; Wydział Architektury Wnętrz.</li>
<li>Akademii Sztuk Pięknych w Warszawie &#8211; Wydział Architektury Wnętrz &#8211; dyplom 1994 w pracowni wystawiennictwa i komunikacji wizualnej u prof Macieja Raduckiego.</li>
</ul>
<p>Na swoim koncie ma następujące wystawy:</p>
<ul>
<li>Wystawa indywidualna: malarstwo, grafika i fotografika w Salonie Art  ZPAP &#8211; Mazowiecka.</li>
<li>Wystawa zbiorowa Fotografii w Poznaniu w Galerii Miejskiej Arsenał &#8211; wyróźnienie w konkursie Bienale Małych Form fotograficznych.</li>
</ul>
<p>Pracowała w największych Agencjach Reklamowych Grey i DDB Warszawa TBWA &#8211; Tequila Polska jako senior art director.</p>
<p>W wolnych chwilach fotografuje i maluje.[/vc_column_text][/vc_column][/vc_row]
<p><img decoding="async" style="height: 1px;" src="/wp-content/uploads/sites/15/2014/06/ewa.jpg" alt="Ewa Karpińska" /></p>

<p>[vc_row][vc_column width=&#8221;1/4&#8243;][vc_row_inner][vc_column_inner width=&#8221;1/1&#8243;][image_with_animation image_url=&#8221;199&#8243; animation=&#8221;Fade In&#8221; img_link_target=&#8221;_self&#8221; delay=&#8221;175&#8243;][/vc_column_inner][/vc_row_inner][vc_column_text] Urodzona w Warszawie, gdzie pracuje i mieszka. &nbsp; Pracowała w największych Agencjach Reklamowych  jako senior art director. &nbsp; W wolnych chwilach fotografuje&#8230;</p>
